
Let i(d) = -2*d**2 + 2*d + 1. Suppose -4*k + 8 = 12. What is i(k)?
-3
Let r(q) be the second derivative of -q**5/20 + q**4/4 + q**3/2 - q. Suppose 0 = -5*s + 3*k + 14, 2*s - 2*k - 6 = -2. Determine r(s).
-4
Let p(m) = -m**3 - 5*m**2 - 4*m + 3. Let x be p(-4). Let q(n) = 2 + 0*n + 3 - 4*n**x - n - 4. Determine q(1).
-4
Let y be (64/48)/((-4)/(-3)). Let i be (-3 + y)*3/(-6). Let m(z) = -9*z**2 - 2*z + 1. Calculate m(i).
-10
Let r be (-2)/(-8) + 15/(-12). Let i be (-1)/(r - (-1)/2). Suppose -i*l = -5*k - 20, -3*k = 3*l + l - 14. Let h(z) = z**3 - 5*z**2 - z + 5. Give h(l).
0
Suppose 6*r + 15 = r. Let w = 26 + -18. Let g(u) = u - w + 8. Give g(r).
-3
Let i(a) = -a - 8. Let g be i(-7). Let k(z) be the third derivative of 7*z**5/60 + z**4/24 + z**3/6 + 2*z**2. Give k(g).
7
Let m(s) = s**2 - 3*s + 6. Let t(h) = -h**3 - h**2 + 4*h - 7. Let l(a) = 6*m(a) + 5*t(a). Let d be l(-1). Let u(v) = -v**3 + 6*v**2 - 6*v - 1. What is u(d)?
-6
Let c(h) be the third derivative of h**6/120 - h**5/15 - h**4/12 + h**3/6 - 2*h**2. What is c(4)?
-7
Let j be 252/48 - (-3)/(-1). Let l(u) be the first derivative of j*u**4 + u - 1 + 1/3*u**3 + 1/2*u**2. Determine l(-1).
-8
Suppose 2*n + h + 11 = 2, 4*n + 3*h = -23. Let u(v) = 3*v**2 - 3 + 0*v**3 + 5 + 3*v + v**3 + 0. Determine u(n).
0
Suppose 2*i - 20 = -3*i. Let x(d) = d**3 - 4*d**2 + 5. Let f be x(i). Let v(n) = 0*n**3 - 4*n**3 + 6*n**2 - 5*n + 3*n**3. What is v(f)?
0
Let w(g) = -8 + 12*g**2 - 28*g**2 - 9*g + 15*g**2. Calculate w(-6).
10
Let z(x) = x**2 - 5*x - 1. Let i be z(6). Let d(u) = -u**2 + 5*u - 4. Calculate d(i).
-4
Let x(p) = 5*p - 2. Let o(m) = 4*m + 5. Let f(s) = -s - 1. Let r(i) = 9*f(i) + 2*o(i). Let t(n) = -4*r(n) - x(n). Calculate t(3).
-5
Let x = 94 - 87. Let p(g) = g - 8. What is p(x)?
-1
Let l(a) = a**2 + 3*a - 4. Suppose -19 = 10*y + 21. Give l(y).
0
Suppose -4*t = -9*t. Let l(c) be the second derivative of c + 0*c**2 + 0 - 1/6*c**3. Give l(t).
0
Let w = 14 - 7. Let v(y) = -14 - y**2 + 0*y**2 - 8*y + w. Give v(-5).
8
Let v(c) be the third derivative of c**6/60 + c**5/60 + c**4/24 + c**3/6 + 3*c**2 - 7. Suppose 0 = x + 3*x + 4. What is v(x)?
-1
Let q(v) = -v**3 - 5*v**2 - 3*v - 2. Let s be q(-2). Let c be 3/12 - (-2)/s. Let d(n) = -n**3 + n**2 - n - 1. Give d(c).
-1
Let h(o) = 9*o**2 + 5*o - 4. Let p(k) = -5*k**2 - 2*k + 2. Let s(q) = -4*h(q) - 7*p(q). Determine s(-6).
2
Let g be (-1)/4 - 85/(-20). Suppose 7 = -g*d - 1. Let z(u) = 3*u**2 + u - 2. Determine z(d).
8
Let h(l) = -2*l - 104 + 105 - 3*l. Let s = 10 - 4. Let t be (-6)/(-4) - (-3)/s. Give h(t).
-9
Let v(j) = 4*j - 7. Let i(q) = -q + 1. Let r(c) = -c**3 - 9*c**2 - 7*c + 3. Let l be r(-8). Let x(s) = l*i(s) - v(s). Let m be (-1 - -1) + 4/2. Give x(m).
4
Let t(x) = x + 1. Let d(s) = -10*s - 8. Let w(b) = d(b) + 8*t(b). Let c(v) = -4*v. Let j(h) = 2*c(h) - 5*w(h). Give j(1).
2
Let z = 29 + -10. Suppose -y = -z + 7. Let h be 28/y - 2/6. Let r(b) = -2*b + 2. Calculate r(h).
-2
Suppose 0 = 4*x - 3*c - 15, -4*x = -6*x + 4*c. Let q(f) = f**3 - 6*f**2 - f + 7. Determine q(x).
1
Suppose 5*o - x + 4 = 0, -3*x = 3*o - x + 5. Let b(c) = -2*c**3 - 2*c**2 - c. What is b(o)?
1
Let u(f) = 14*f - 9. Let k(n) = -5*n + 3. Let j(z) = 17*k(z) + 6*u(z). Suppose 2*o = 7*o - 20. Suppose 2*p + 7*w - o*w = 21, -3*p + 2*w = 1. Give j(p).
-6
Let m(x) = x**3 - x. Let g = 3 + -9. Let v(w) = 9*w**3 - 5*w - 1. Let t(j) = g*m(j) + v(j). Determine t(1).
3
Let a(z) be the first derivative of -z**3/3 + z**2/2 - 2*z + 6. Determine a(3).
-8
Let d(f) = -3*f**2 + 3*f - 17. Let i(j) = 2*j**2 - j + 9. Let p(o) = -3*d(o) - 5*i(o). Determine p(-6).
-6
Let l be 40/(-6) - (-6)/9. Let z = l - -3. Let t(c) be the second derivative of -c**3/3 - c**2/2 + 16*c. What is t(z)?
5
Let j be 11 + 1/4*0. Let t(m) = 9 - m - 8*m**2 + 2*m**2 - m**3 - j. What is t(-6)?
4
Let c = 4 - 3. Let x(d) = c + 16*d + 7*d - 22*d. What is x(4)?
5
Let m(p) = p**3 + 2*p**2 - 2*p + 1. Let r(d) = 6*d**3 + 8*d**2 - 8*d + 4. Let x(l) = 9*m(l) - 2*r(l). Calculate x(1).
-2
Let n = 12 + -12. Let r(w) = -w**3 - w - 2. Calculate r(n).
-2
Let a be 30/4*(-6)/(-9). Let v(h) = 7*h**2 - 9*h - 7. Let x(f) = 15*f**2 - 19*f - 14. Let w(r) = 13*v(r) - 6*x(r). Calculate w(a).
3
Let b(i) = -i**2 + i - 3. Let n = 5 + -5. Give b(n).
-3
Let n be -2*(1 - (-5)/(-2)). Let b(u) = 2*u**2 - 4*u + u**3 - u**2 + 2 - n*u**2 + 0*u**3. Give b(3).
-1
Suppose -3*m = 5*h - 108, 4*h - m - 2*m = 81. Suppose x = -3*y + 1, -y + 3*x = 2*y - h. Let j(v) = v**2 + v. Calculate j(y).
6
Let u(i) = 1 - 6*i + i + 0 + 0*i. What is u(1)?
-4
Let c(o) = 13*o - 2. Let a(u) = 352*u - 55. Let p(t) = -2*a(t) + 55*c(t). Give p(1).
11
Suppose 0*i - 7*i - 21 = 0. Let u be (3 - i)/(-2)*2. Let r(v) = v**3 + 5*v**2 - 4*v + 8. Determine r(u).
-4
Let o(i) = i**3 - i. Let j be o(2). Suppose j*g + 20 = g. Let m(x) be the second derivative of -x**3/6 - x**2 + 2*x. Calculate m(g).
2
Let d(u) = -21*u**3 + 2*u**2 - 1. Let n(x) = -x**3 - x**2 + 2*x - 1. Let j be n(1). Give d(j).
22
Suppose -3*a = -1 + 13, 5*p = -3*a - 17. Let z(v) = -33*v - 5. Let t(o) = 8*o + 1. Let f(i) = -9*t(i) - 2*z(i). Calculate f(p).
7
Let v(h) = -h**3 - h**2 - 5. Let n = -4 - -6. Suppose -5*j = -p + 2, -2*p - 10 = -7*p. Suppose -4*k + n*x - 10 = j, 3*k = -3*x - x + 20. Calculate v(k).
-5
Suppose 5*o - t + 7 + 16 = 0, o + t + 7 = 0. Let r(c) = -3*c - 2. Determine r(o).
13
Let r(p) = -p. Let x(z) = z. Let d(j) = -3*r(j) - x(j). Determine d(-4).
-8
Suppose 2*p = 2*t - 1 + 3, 3*p - t - 5 = 0. Suppose 3*x + p - 17 = 0. Let i(a) = -a**2 - 4*a**2 - a + 3*a**2 + x*a**2 + a**3. What is i(-3)?
3
Let z(t) = t**2 + 5*t - 9. Let q be z(-6). Let x(n) be the first derivative of n**2/2 + 4*n + 1. Calculate x(q).
1
Let k(c) be the first derivative of 3*c**2 - c - 37. Let a = 0 + -1. What is k(a)?
-7
Suppose 0 = u - 4*u. Let o(c) = -c + 3. Give o(u).
3
Let u(s) be the first derivative of -1/2*s**2 + 2*s - 3. What is u(3)?
-1
Let m(k) = k**2. Let i(y) = 2*y**3 + y**2 + 3*y + 3. Let d(b) = -i(b) - 2*m(b). Suppose -5*p + 0*p = -5. Let n be -1 + (2 - p) - 2. What is d(n)?
7
Let x(v) = 3*v**3 - 8*v**2 - 9*v**2 + 4 + v - 2*v**3 + 0 + 12*v**2. Suppose 0 = -4*n + 9 + 3. Let u = 8 - n. What is x(u)?
9
Let w(o) = -o - 3. Let m(x) = -2*x - 7. Let q(i) = 2*m(i) - 5*w(i). Let t be q(1). Let r(p) = 2*p**t + 3*p - 2*p - 4*p**2. Determine r(1).
-1
Let r(w) = -15*w**3 - 5*w**2 + 23*w - 9. Let n(a) = 7*a**3 + 2*a**2 - 11*a + 4. Let y(m) = -13*n(m) - 6*r(m). Determine y(5).
2
Let l(m) = 5*m - 2*m + 2*m. Let d = 0 + 1. What is l(d)?
5
Let f(v) = v - 4. Suppose -4*c = -7*c. Calculate f(c).
-4
Let h(z) be the first derivative of -z**3/3 + 5*z**2/2 - 4*z + 1. Let n be 0/((4 - 2)/2). Let a = n + 4. Calculate h(a).
0
Let y(f) = -6*f**2 - 8*f + 1. Let s(d) = -12*d**2 - 17*d + 2. Let k(i) = -6*s(i) + 13*y(i). Give k(1).
-7
Let s(h) be the third derivative of -h**4/24 - h**3/3 - 5*h**2. Let k be 10/4*(5 + -3). Determine s(k).
-7
Let u(x) be the third derivative of x**4/24 - 7*x**3/6 + 7*x**2. What is u(7)?
0
Let b(g) = 4*g**2 - 6. Let i(w) = 7*w**2 - 1. Let a(l) = l**2 + 1. Let m(u) = -4*a(u) + i(u). Let n(x) = 4*b(x) - 5*m(x). Calculate n(2).
5
Let n(q) = q**3 - 6*q**2 + 5*q - 2. Let b(v) = v**2 + 14*v - 28. Let o be b(-16). Calculate n(o).
-14
Let w(i) = -4*i + 13. Suppose 34 = -2*r + x, r + 4*x - 17 = 2*r. Let f(y) = -11*y + 38. Let s(o) = r*w(o) + 6*f(o). Determine s(-5).
-3
Let x(d) = -d - 10 - 10 + 26 - 10. What is x(-6)?
2
Let w = -13 - -9. Let k be (-3 + 4)/((-2)/w). Let s(t) = 2*t**3 - t**2 - 3*t + 3. Give s(k).
9
Let x(i) = -i**3 + 5*i**2 - 4*i + 4. Let y = 29 + -30. Let r be (-32)/24*(y + -2). What is x(r)?
4
Let v(k) be the third derivative of 0 - k**2 + 0*k + 1/12*k**5 + 1/3*k**4 - 1/120*k**6 - 5/6*k**3. Calculate v(6).
7
Let g(i) be the second derivative of i**5/20 + i**4/3 - 2*i**3/3 + 7*i**2/2 + 13*i. Determine g(-5).
2
Let y(r) be the second derivative of -r**4/12 + r**3/2 - 3*r**2/2 - 7*r. What is y(4)?
-7
Let p(r) be the third derivative of -1/120*r**6 + 0*r - 6*r**2 + 0 - r**3 - 1/12*r**4 - 7/60*r**5. Determine p(-7).
8
Let t(f) = -f**2 + 6*f - 4. Let v be (-10 + 1)*2/(-2). Suppose 0 = -6*j + 3*j + v. Suppose -20 = -x + j*l, l = 4*x + 5*l. Calculate t(x).
1
Let r = -11 + 15. Let b(i) = -i**2 + 5*i - 5. What is b(r)?
-1
Let s(a) = 12*a*